{"id":8,"date":"2024-06-25T13:10:05","date_gmt":"2024-06-25T13:10:05","guid":{"rendered":"https:\/\/mailing.marketing-strategen.com\/index.php\/newsletter\/"},"modified":"2024-06-25T13:10:05","modified_gmt":"2024-06-25T13:10:05","slug":"newsletter","status":"publish","type":"page","link":"https:\/\/affiliate.marketing-strategen.com\/index.php\/newsletter\/","title":{"rendered":"Newsletter"},"content":{"rendered":"<div class=\"tnp tnp-subscription \">\n<form method=\"post\" action=\"https:\/\/affiliate.marketing-strategen.com\/?na=s\">\n<input type=\"hidden\" name=\"nlang\" value=\"\">\n<div class=\"tnp-field tnp-field-firstname\"><label for=\"tnp-1\">Vorname<\/label>\n<input class=\"tnp-name\" type=\"text\" name=\"nn\" id=\"tnp-1\" value=\"\" placeholder=\"\"><\/div>\n<div class=\"tnp-field tnp-field-email\"><label for=\"tnp-2\">E-Mail-Adresse<\/label>\n<input class=\"tnp-email\" type=\"email\" name=\"ne\" id=\"tnp-2\" value=\"\" placeholder=\"\" required><\/div>\n<div class=\"tnp-field tnp-field-profile\"><label for=\"tnp-3\">PLZ Gebiet<\/label>\n<select class=\"tnp-profile tnp-profile-3\" id=\"tnp-profile_3\" name=\"np3\"><option>74<\/option><option>79<\/option><option>73<\/option><option>75<\/option><option>76<\/option><option>70<\/option><option>77<\/option><option>78<\/option><option>72<\/option><option>97<\/option><option>69<\/option><option>88<\/option><option>68<\/option><option>71<\/option><option>89<\/option><option>91<\/option><option>92<\/option><option>82<\/option><option>93<\/option><option>96<\/option><option>86<\/option><option>80<\/option><option>90<\/option><option>85<\/option><option>81<\/option><option>87<\/option><option>95<\/option><option>83<\/option><option>84<\/option><option>94<\/option><option>63<\/option><option>10<\/option><option>12<\/option><option>13<\/option><option>14<\/option><option>15<\/option><option>16<\/option><option>03<\/option><option>04<\/option><option>01<\/option><option>19<\/option><option>28<\/option><option>27<\/option><option>22<\/option><option>20<\/option><option>21<\/option><option>60<\/option><option>65<\/option><option>35<\/option><option>61<\/option><option>64<\/option><option>36<\/option><option>34<\/option><option>37<\/option><option>55<\/option><option>18<\/option><option>23<\/option><option>17<\/option><option>38<\/option><option>49<\/option><option>26<\/option><option>31<\/option><option>30<\/option><option>48<\/option><option>29<\/option><option>53<\/option><option>44<\/option><option>59<\/option><option>46<\/option><option>33<\/option><option>32<\/option><option>58<\/option><option>45<\/option><option>42<\/option><option>50<\/option><option>47<\/option><option>40<\/option><option>52<\/option><option>51<\/option><option>57<\/option><option>41<\/option><option>56<\/option><option>67<\/option><option>54<\/option><option>66<\/option><option>09<\/option><option>08<\/option><option>02<\/option><option>39<\/option><option>06<\/option><option>25<\/option><option>24<\/option><option>99<\/option><option>07<\/option><option>98<\/option><\/select>\n<\/div>\n<div class=\"tnp-field tnp-field-profile\"><label for=\"tnp-4\">Branche<\/label>\n<select class=\"tnp-profile tnp-profile-8\" id=\"tnp-profile_8\" name=\"np8\"><option>3D Druckereien<\/option><option>Agenturen<\/option><option>\u00c4mter Beh\u00f6rden &amp; \u00f6ffentliche Verwaltung<\/option><option>\u00c4mter<\/option><option>Beh\u00f6rden &amp; \u00f6ffentliche Verwaltung<\/option><option>Anwaltskanzlei<\/option><option>Apotheke<\/option><option>Autohandel<\/option><option>Autohersteller<\/option><option>Autovermietung<\/option><option>B\u00e4ckerei<\/option><option>Bauunternehmen<\/option><option>Beratung<\/option><option>Dienstleistungen<\/option><option>Druckereien<\/option><option>Events<\/option><option>Finanzen<\/option><option>Fleischerei<\/option><option>Flugh\u00e4fen<\/option><option>Friseur<\/option><option>Gastronomie<\/option><option>Getr\u00e4nkehersteller<\/option><option>Gro\u00dfhandel<\/option><option>Handel<\/option><option>Handwerker<\/option><option>Hotel<\/option><option>Immobilien<\/option><option>Industrie<\/option><option>Landwirtschaft<\/option><option>Lebensmittelhandel<\/option><option>Lebensmittelhersteller<\/option><option>Logistik und Transporte<\/option><option>Medien<\/option><option>Mediziner<\/option><option>\u00d6ffentliche Dienstleistungen<\/option><option>Reiseb\u00fcro<\/option><option>Schneiderer<\/option><option>Schulen<\/option><option>Sonstiges<\/option><option>Sport<\/option><option>Stromversorgungsunternehmen<\/option><option>Tankstelle<\/option><option>Verein<\/option><option>Verlage<\/option><option>Verpackungshersteller<\/option><option>Versicherung<\/option><option><\/option><\/select>\n<\/div>\n<div class=\"tnp-field tnp-privacy-field\"><label><input type=\"checkbox\" name=\"ny\" required class=\"tnp-privacy\"> Hiermit akzeptiere ich die Datenschutzbestimmungen<\/label><\/div><div class=\"tnp-field tnp-field-button\" style=\"text-align: left\"><input class=\"tnp-submit\" type=\"submit\" value=\"Abonnieren\" style=\"\">\n<\/div>\n<\/form>\n<\/div>\n\n","protected":false},"excerpt":{"rendered":"","protected":false},"author":2,"featured_media":0,"parent":0,"menu_order":0,"comment_status":"closed","ping_status":"closed","template":"","meta":{"footnotes":""},"class_list":["post-8","page","type-page","status-publish","hentry"],"_links":{"self":[{"href":"https:\/\/affiliate.marketing-strategen.com\/index.php\/wp-json\/wp\/v2\/pages\/8","targetHints":{"allow":["GET"]}}],"collection":[{"href":"https:\/\/affiliate.marketing-strategen.com\/index.php\/wp-json\/wp\/v2\/pages"}],"about":[{"href":"https:\/\/affiliate.marketing-strategen.com\/index.php\/wp-json\/wp\/v2\/types\/page"}],"author":[{"embeddable":true,"href":"https:\/\/affiliate.marketing-strategen.com\/index.php\/wp-json\/wp\/v2\/users\/2"}],"replies":[{"embeddable":true,"href":"https:\/\/affiliate.marketing-strategen.com\/index.php\/wp-json\/wp\/v2\/comments?post=8"}],"version-history":[{"count":0,"href":"https:\/\/affiliate.marketing-strategen.com\/index.php\/wp-json\/wp\/v2\/pages\/8\/revisions"}],"wp:attachment":[{"href":"https:\/\/affiliate.marketing-strategen.com\/index.php\/wp-json\/wp\/v2\/media?parent=8"}],"curies":[{"name":"wp","href":"https:\/\/api.w.org\/{rel}","templated":true}]}}